tor of 174087108?
True
Does 9 divide 2584680308?
False
Does 1537 divide 696226216?
False
Is 41658476 a multiple of 1109?
True
Is 471961888 a multiple of 7637?
False
Is 8322181 a multiple of 669?
False
Is 203230048 a multiple of 1036?
True
Is 13313966 a multiple of 3?
False
Is 317 a factor of 11327361?
True
Is 205638327 a multiple of 13?
False
Is 530321321 a multiple of 76?
False
Is 653 a factor of 639645497?
True
Is 58 a factor of 247436352?
True
Does 58 divide 30528793?
False
Is 10 a factor of 8945530?
True
Is 330 a factor of 179311770?
True
Is 6 a factor of 14991456?
True
Is 46 a factor of 21504024?
False
Is 571689352 a multiple of 643?
False
Does 227 divide 220861012?
True
Does 2 divide 407695457?
False
Does 89 divide 41006127?
True
Is 44479809 a multiple of 3?
True
Does 38 divide 66191583?
False
Does 8656 divide 1753025168?
False
Does 1811 divide 1053717984?
False
Does 1893 divide 1414385238?
True
Does 55 divide 77062920?
True
Does 7 divide 346449774?
False
Is 4091862912 a multiple of 128?
True
Is 641 a factor of 16727536?
True
Does 569 divide 4595890953?
True
Does 204 divide 26268655?
False
Does 70 divide 8112230?
True
Is 10530565 a multiple of 17?
True
Is 91009006 a multiple of 122?
False
Is 1045581306 a multiple of 294?
True
Does 229 divide 485073754?
True
Is 278443 a multiple of 17?
True
Is 681257695 a multiple of 121?
False
Is 774 a factor of 3961501685?
False
Is 14526675 a multiple of 88?
False
Is 292099493 a multiple of 12?
False
Is 109514852 a multiple of 202?
False
Is 174591501 a multiple of 1154?
False
Is 1056 a factor of 700934204?
False
Does 46 divide 34648580?
True
Does 4 divide 70874967?
False
Is 74522249 a multiple of 61?
False
Does 87 divide 199047126?
True
Does 732 divide 997571710?
False
Is 2860 a factor of 255966071?
False
Is 15084420 a multiple of 1245?
True
Does 136 divide 541816545?
False
Is 268289172 a multiple of 6543?
True
Does 43 divide 60821256?
False
Is 50330602 a multiple of 371?
True
Does 91 divide 2184929?
False
Is 4588064281 a multiple of 2446?
False
Is 117096772 a multiple of 46?
True
Does 5 divide 348870595?
True
Is 148558112 a multiple of 165?
False
Is 736580416 a multiple of 451?
True
Is 187 a factor of 22232804?
True
Does 1636 divide 91601276?
True
Is 4 a factor of 146155096?
True
Does 530 divide 119370310?
True
Does 13 divide 313249885?
True
Is 760258965 a multiple of 10329?
False
Is 17600734 a multiple of 166?
False
Does 273 divide 22827168?
True
Is 277 a factor of 22094815?
False
Is 15052209 a multiple of 3?
True
Does 3029 divide 61055553?
True
Is 282678770 a multiple of 61?
False
Is 84599226 a multiple of 863?
False
Is 2851 a factor of 203500364?
False
Is 62313880 a multiple of 43?
True
Is 2482954775 a multiple of 329?
True
Is 88 a factor of 19632245?
False
Is 15 a factor of 69847279?
False
Does 150 divide 809118600?
True
Does 1766 divide 343974182?
False
Does 246 divide 24032048?
False
Does 158 divide 11856727?
False
Does 94 divide 118510622?
False
Does 10 divide 40563605?
False
Is 146320950 a multiple of 150?
True
Is 40 a factor of 248800040?
True
Does 41 divide 858241151?
True
Is 143413435 a multiple of 101?
True
Is 13 a factor of 65014935?
False
Is 570900078 a multiple of 3939?
False
Does 4484 divide 4931348596?
False
Is 2056199116 a multiple of 4?
True
Is 49927891 a multiple of 13?
True
Is 60 a factor of 490392067?
False
Is 77 a factor of 275244336?
False
Is 540 a factor of 282032820?
True
Is 3240151123 a multiple of 17?
False
Is 1664 a factor of 8719085?
False
Does 192 divide 60703680?
True
Is 73 a factor of 3496557650?
True
Does 928 divide 360413794?
False
Does 43 divide 6155370087?
False
Is 2558532 a multiple of 404?
True
Does 1487 divide 61088002?
False
Is 1575463749 a multiple of 23?
False
Is 10649430 a multiple of 330?
True
Does 13090 divide 4611868800?
True
Does 57 divide 45480756?
True
Is 7 a factor of 33086741?
False
Is 5 a factor of 1050025746?
False
Is 8 a factor of 60749744?
True
Is 36 a factor of 1723213?
False
Does 153 divide 781601821?
False
Does 144 divide 314145185?
False
Is 230594360 a multiple of 740?
True
Is 109554324 a multiple of 44?
True
Is 87 a factor of 93517605?
True
Is 70151186 a multiple of 46?
False
Is 727539288 a multiple of 14?
True
Does 15 divide 20471700?
True
Is 24119173 a multiple of 33?
False
Is 59 a factor of 126496649?
True
Is 110029956 a multiple of 578?
False
Is 361 a factor of 53250226?
False
Does 11 divide 551889974?
False
Is 63986476 a multiple of 226?
True
Is 174836213 a multiple of 2?
False
Is 720719840 a multiple of 3296?
True
Does 7 divide 51735124?
True
Is 49752975 a multiple of 925?
True
Does 1735 divide 58655145?
True
Is 41599872 a multiple of 32?
True
Is 669 a factor of 41699439?
True
Is 646 a factor of 72479908?
True
Is 82 a factor of 298088098?
False
Is 29733000 a multiple of 51?
True
Is 197409197 a multiple of 216?
False
Is 1687910 a multiple of 505?
False
Is 34774704 a multiple of 12?
True
Is 663 a factor of 59734974?
True
Is 861 a factor of 212873388?
False
Is 260 a factor of 3512407574?
False
Does 2944 divide 55193255?
False
Does 49 divide 14533744?
False
Does 11 divide 74040230?
True
Is 54 a factor of 33435018?
True
Is 519678390 a multiple of 231?
True
Does 131 divide 204901039?
False
Is 32258120 a multiple of 230?
False
Is 2 a factor of 1543874?
True
Is 13987898 a multiple of 6?
False
Is 121887648 a multiple of 9?
True
Does 11 divide 142808407?
False
Does 86 divide 876136696?
True
Does 79 divide 42924966?
True
Is 2475 a factor of 46159430?
False
Is 1171218519 a multiple of 46?
False
Is 269425548 a multiple of 42?
True
Is 36744267 a multiple of 14?
False
Is 1334436066 a multiple of 6621?
True
Is 1680195030 a multiple of 1569?
True
Does 24 divide 527292624?
True
Does 14 divide 490695688?
True
Does 20 divide 14566408?
False
Is 157 a factor of 688792894?
False
Is 2208112794 a multiple of 7461?
True
Does 34 divide 4275991625?
False
Does 41 divide 8124724?
True
Does 32 divide 147199187?
False
Is 8 a factor of 285397127?
False
Is 855755718 a multiple of 749?
False
Is 9200818 a multiple of 22?
True
Does 140 divide 3264332120?
True
Is 4 a factor of 6282895?
False
Is 935100519 a multiple of 489?
True
Does 195 divide 272769120?
True
Does 50 divide 255330393?
False
Is 184 a factor of 122425136?
True
Is 96 a factor of 758413353?
False
Does 90 divide 161499943?
False
Does 143 divide 3482838?
False
Is 4022 a factor of 215506804?
True
Is 3398332 a multiple of 356?
False
Is 287 a factor of 3002093567?
False
Does 1001 divide 126685007?
False
Is 1144665075 a multiple of 18?
False
Does 906 divide 15327708?
True
Does 1001 divide 8989243?
False
Is 116008305 a multiple of 680?
False
Is 193 a factor of 5705273?
True
Is 105 a factor of 132875505?
True
Is 1854 a factor of 54439002?
True
Is 240 a factor of 21965074?
False
Is 4300478 a multiple of 3?
False
Is 824234623 a multiple of 569?
True
Is 529 a factor of 148314494?
False
Is 62701867 a multiple of 3821?
False
Is 159334560 a multiple of 495?
True
Does 164 divide 320471252?
True
Is 17374200 a multiple of 184?
True
Does 112 divide 13483456?
True
Is 246607812 a multiple of 11?
True
Does 11 divide 4790604995?
True
Is 128677224 a multiple of 9?
False
Is 24 a factor of 48084383?
False
Is 338835708 a multiple of 3087?
False
Is 1196912496 a multiple of 78?
True
Is 184581532 a multiple of 70?
False
Does 10 divide 13966110?
True
Is 8171 a factor of 668726794?
False
Is 52185400 a multiple of 152?
True
Is 95 a factor of 124564475?
True
Is 3315 a factor of 232773327?
False
Is 4731 a factor of 1268621435?
False
Is 17 a factor of 192289737?
True
Is 66103315 a multiple of 421?
True
Is 180 a factor of 142697086?
False
Does 248 divide 394347776?
True
Does 9 divide 16384821?
False
Is 2235 a factor of 127240785?
True
Is 60429985 a multiple of 1606?
False
Does 6239 divide 128966369?
True
Does 31 divide 500525938?
True
Does 18 divide 18089388?
True
Is 22285812 a multiple of 1512?
False
Does 1421 divide 166279843?
False
Does 615 divide 9157441?
False
Is 45 a factor of 30275190?
True
Is 23267398 a multiple of 253?
True
Is 1366 a factor of 484235880?
False
Is 710 a factor of 12113680?
False
Is 420 a factor of 15649200?
True
Does 648 divide 14021424?
True
Is 32 a factor of 233756595?
False
Is 1155 a factor of 105129255?
True
Does